Let f be w(-3). Calculate the greatest common factor of z and f.
27
Let r(p) = -p**3 + 6*p**2 - 5*p + 11. Let y be r(5). Let v be -10*(2 - y)/9. Calculate the highest common factor of 45 and v.
5
Suppose -26*m + 7*m = -114. Suppose 3*j - 5*o + 363 = m*j, 2*j - 242 = 4*o. What is the greatest common factor of 33 and j?
11
Let o be 1*-21*1000/(-875). What is the highest common factor of 216 and o?
24
Let u(i) = 3 + 13 + i**2 + 19*i + 2*i**2. Let s = -825 - -818. Let b be u(s). What is the highest common factor of 240 and b?
30
Suppose -11500*k - 9086 = -11522*k. Calculate the greatest common factor of 175 and k.
7
Let h be (-2)/12*2 - (-1504)/48. Let x = h - -48. Calculate the highest common factor of 316 and x.
79
Let p be 2/(-6) + (-26)/(-6). Suppose h - p*h + 60 = 0. Suppose 85 = 3*s + 2*g + 4, 0 = 2*s + 2*g - 56. What is the greatest common factor of h and s?
5
Let a be (2 + -1)/(-4 - 114/(-28)). Suppose 0*t = -2*t - a. Let n(o) = -6*o + 13. Let f be n(t). What is the greatest common divisor of f and 22?
11
Let l(y) = -282*y - 4695. Let p be l(-17). Suppose q - 6 = -q. Calculate the highest common divisor of q and p.
3
Let x(g) = 8*g + 36. Let a(k) = -3*k - 12. Let p(i) = 20*a(i) + 6*x(i). Let u be p(-6). Let l = 42 - 26. What is the highest common factor of u and l?
16
Suppose -16*q + 3434 = -6806. What is the highest common divisor of 200 and q?
40
Suppose -330*p + 3929 = -328*p - r, r = -p + 1975. Calculate the greatest common divisor of p and 384.
48
Suppose -1170 = -5*f - 15*p + 11*p, -5*f + 4*p + 1210 = 0. What is the highest common divisor of f and 374?
34
Let c(y) = 72*y - 1692. Let a be c(24). Let z = 131 + 73. Calculate the greatest common divisor of z and a.
12
Let t(b) = -3*b - 23. Let z(d) = -1 - 1 + 16*d + 1 - 15*d. Let y(j) = -t(j) - 4*z(j). Let u be y(18). Calculate the greatest common factor of u and 99.
9
Let j = -1002 + 1068. Let r = -51 - -84. What is the highest common divisor of r and j?
33
Suppose -4*j - 143 = -43. Let q = -23 - j. Suppose 0 = 3*p - 5*b - 52, 9*b = q*p + 4*b - 43. What is the highest common divisor of 18 and p?
9
Let s = -3798 + 4400. Calculate the highest common factor of 98 and s.
14
Let j be 81451/329 - (-3)/7. Suppose -5*u = -w - 2*w + 184, 4*w - 4*u = j. Suppose 139 = 4*k - 29. What is the greatest common divisor of w and k?
21
Suppose 12*t + 20*t = 10*t + 154. Suppose 3*c - 2*c = 2*w + 233, -5*w + 4*c = 578. Let b be w/(-4) - t/(-14). What is the greatest common factor of b and 240?
30
Let u(n) be the second derivative of 15*n**4/4 + n**3 - 3*n**2 - 173*n. Let r be u(-5). Calculate the greatest common factor of r and 33.
33
Suppose -3*z + 89 = -160. Let w(i) = 30 + z*i - 15 - 16. Let k be w(2). Calculate the greatest common divisor of k and 15.
15
Suppose -4*h - 20*l + 1233 = -21*l, 0 = 2*h - 5*l - 621. Calculate the highest common divisor of h and 364.
28
Let q = -671 + 608. Let h be 5 + (-4)/(28/q). What is the highest common factor of h and 266?
14
Suppose -39*c = -34*c + 3*y - 13956, -5598 = -2*c + 4*y. Calculate the greatest common factor of c and 190.
19
Suppose -2*c - 2434 = -5*r, 4*r = -c + 1046 + 909. Calculate the greatest common divisor of 20618 and r.
122
Let o = 42 - 30. Let r(t) = -t**3 + 32*t**2 - 87*t + 9. Let w be r(29). Suppose w*y + 3348 = 40*y. Calculate the highest common divisor of y and o.
12
Let u(n) = 6*n. Let w be u(-6). Let j = -28 - w. Suppose 5*t + j = 28. Calculate the highest common factor of 6 and t.
2
Let q = -7067 + 7643. Let k(j) = -j + 18. Let x be k(0). Calculate the highest common factor of x and q.
18
Let m = 36 - 22. Suppose -6*y + 86 = -166. Let n = y + m. What is the highest common divisor of 7 and n?
7
Suppose 2*u - 43 = 26*c - 25*c, -3*u = 2*c - 54. Suppose -3*r + 183 - 63 = 0. Calculate the highest common factor of u and r.
20
Suppose 402*y - 465*y = -104328. Calculate the greatest common factor of 1150 and y.
46
Suppose 20 = 6*i + 4*i. Suppose 3*r = 5*g + 66, 5*r - 110 = i*g - 4*g. Suppose -b - 3*j = j + 10, b = -2*j - 4. What is the highest common factor of b and r?
2
Let s be (80/140)/(8/4956). Calculate the highest common factor of s and 1239.
177
Let x = 17482 + -14549. Calculate the highest common factor of 21 and x.
7
Let z(q) = 352*q - 304. Let u be z(1). Calculate the highest common factor of u and 228.
12
Let q be 12/6 - (0 - 1). Suppose 4*x + 8 = q*x. Let w be ((-34)/x)/(18/72). What is the highest common factor of w and 187?
17
Let y = -266 - -271. Suppose -2*c + y*m - 3*m + 100 = 0, -3*c + 145 = 2*m. Calculate the highest common factor of 245 and c.
49
Suppose -97*n = -107*n + 130. Let a(y) = -y**3 - 8*y**2 - 12*y - 33. Let r be a(-7). What is the greatest common factor of n and r?
1
Let m = 33763 + -32499. What is the greatest common factor of 3634 and m?
158
Let r(g) = 238*g - 9010. Let v be r(38). Calculate the greatest common divisor of 11509 and v.
17
Let p(o) = -114*o + 1083. Let s be p(9). Let m = -2 - -3. Let u be m*-57*(-4)/6. What is the greatest common divisor of u and s?
19
Let m = 26 + -13. Let y be (-11 - (-1400)/6) + (-1)/3. Let i be 4/6 + 5*y/90. What is the greatest common factor of i and m?
13
Let a(v) = -v**3 - v**2 + 6*v + 5. Let h be (-50)/(-20)*8/(-5). Let o be -6*3*h/(-24). Let k be a(o). What is the greatest common divisor of 35 and k?
5
Let a = 413 + -389. Suppose 51*q - 13284 = a*q. What is the highest common factor of 12 and q?
12
Let a be (-858)/(-104) + 1/(-4). What is the greatest common divisor of a and 4?
4
Let j be 7 - 5592/(-42) - (-4)/(-28). Calculate the greatest common divisor of 37660 and j.
140
Suppose -4*o + 4*w - 3*w = -46, -w = 3*o - 24. Calculate the greatest common factor of o and 92.
2
Let q(z) = 41*z + 33. Let p be q(2). Suppose -119*m = -p*m - 36. Calculate the greatest common divisor of m and 288.
9
Suppose -2*w + 2 - 4 = 0. Let u be (w + 2)*(1 - -11). Let v(h) = -h**3 - 5*h**2 - 9*h + 4. Let b be v(-4). Calculate the highest common divisor of u and b.
12
Let m be 3/(-1) - ((-36)/9 - 136/17). Suppose 3*c = -3*i + c - 1, 3*i - 4*c - 11 = 0. Calculate the highest common divisor of i and m.
1
Suppose 5*i - 49 - 11 = 0. Suppose -77*z + i = -73*z. Suppose 3*n - 2*n - 111 = -z*g, 2*g = 3*n - 278. What is the highest common divisor of 32 and n?
32
Let x = 4 + 3. Let u be 188 + ((-8)/160*-10 - (-2)/4). Calculate the greatest common factor of u and x.
7
Suppose 0 = 3*i + 2 - 77. Let h = i + 101. What is the highest common divisor of 84 and h?
42
Let m = 44 - 43. Let l(i) = 3*i**3 + i**2 - 2*i + 2. Let t be l(m). Let r be 1*(t + -8 + 32). Calculate the greatest common divisor of r and 14.
14
Let i be (9 - 8)*(-3 - 286). Let w = 653 + i. What is the greatest common divisor of w and 52?
52
Let x(d) be the first derivative of d**3 - 5*d**2/2 + 4*d + 132. Let c be x(-7). What is the highest common divisor of c and 248?
62
Let v be 28/84*(10 - 4). Suppose 189 = 4*z + 849. Let u be (z/30)/(v/(-4)). Calculate the greatest common factor of 121 and u.
11
Let p be 6240*((-56)/35 - -2). What is the highest common factor of p and 39?
39
Let n be (-24)/(-4)*(10940/30 - -6). Calculate the greatest common factor of 16 and n.
16
Suppose -6*h + 4 = -4*h. Suppose 4*i - 4 = -c + 62, -h*i = -4*c + 210. Suppose 0 = 2*f - 10 - 2. What is the highest common factor of f and c?
6
Let t be (-10)/16*2*-4. Let j be 105/(2/(-12)*2) - 5. Let u = j - -375. What is the greatest common factor of t and u?
5
Let u = -14 - -30. Let o be (-9*(-48)/(-60) - (2 + -6))*-25. What is the greatest common factor of o and u?
16
Suppose 0 = -86*v + 2198 + 2188. What is the greatest common divisor of 748 and v?
17
Let h = 296 - 164. Suppose 0 = 3*g - 9, -14*q = -15*q - 4*g + h. What is the highest common divisor of 24 and q?
24
Suppose -363 = 3*y + 99. Let t = y + 191. Let w(m) = 2*m**2 - 14*m + 11. Let h be w(-11). What is the greatest common factor of h and t?
37
Suppose 71*d = 52*d + 95. Suppose -5*c + 79 = -k, -d*c - k = -4*c - 17. What is the highest common factor of c and 2?
2
Suppose 519*u - 4710 = 514*u. Calculate the greatest common divisor of 12 and u.
6
Let u(z) = z**2 - z + 2. Let d be u(4). Suppose -8*o = -2*o + o. Suppose o = -3*j + 6 + 36. What is the greatest common factor of j and d?
14
Let k be ((-1)/(-5) - 0) + (-130)/25. Let